{"id":14,"date":"2019-11-25T18:45:03","date_gmt":"2019-11-25T18:45:03","guid":{"rendered":"https:\/\/taura41.com.ar\/sitio\/?page_id=14"},"modified":"2019-11-26T15:21:31","modified_gmt":"2019-11-26T15:21:31","slug":"inicio","status":"publish","type":"page","link":"https:\/\/taura41.com.ar\/sitio\/","title":{"rendered":"Inicio"},"content":{"rendered":"\n<p>\u00a1Bienvenido al nuevo sitio de la Taura 41! <\/p>\n\n\n\n<p>Lugar de reencuentro de aquellos adolescentes que pasamos algunos d\u00edas en el Liceo Militar General San Mart\u00edn.<\/p>\n\n\n\n<p>Aqu\u00ed encontrar\u00e1s recuerdos de aquellas \u00e9pocas y un contacto permanente a partir de las redes sociales. <\/p>\n","protected":false},"excerpt":{"rendered":"<p>\u00a1Bienvenido al nuevo sitio de la Taura 41! Lugar de reencuentro de aquellos adolescentes que pasamos algunos d\u00edas en el Liceo Militar General San Mart\u00edn. Aqu\u00ed encontrar\u00e1s recuerdos de aquellas \u00e9pocas y un contacto permanente a partir de las redes sociales.<\/p>\n","protected":false},"author":1,"featured_media":0,"parent":0,"menu_order":0,"comment_status":"closed","ping_status":"closed","template":"","meta":[],"_links":{"self":[{"href":"https:\/\/taura41.com.ar\/sitio\/wp-json\/wp\/v2\/pages\/14"}],"collection":[{"href":"https:\/\/taura41.com.ar\/sitio\/wp-json\/wp\/v2\/pages"}],"about":[{"href":"https:\/\/taura41.com.ar\/sitio\/wp-json\/wp\/v2\/types\/page"}],"author":[{"embeddable":true,"href":"https:\/\/taura41.com.ar\/sitio\/wp-json\/wp\/v2\/users\/1"}],"replies":[{"embeddable":true,"href":"https:\/\/taura41.com.ar\/sitio\/wp-json\/wp\/v2\/comments?post=14"}],"version-history":[{"count":3,"href":"https:\/\/taura41.com.ar\/sitio\/wp-json\/wp\/v2\/pages\/14\/revisions"}],"predecessor-version":[{"id":268,"href":"https:\/\/taura41.com.ar\/sitio\/wp-json\/wp\/v2\/pages\/14\/revisions\/268"}],"wp:attachment":[{"href":"https:\/\/taura41.com.ar\/sitio\/wp-json\/wp\/v2\/media?parent=14"}],"curies":[{"name":"wp","href":"https:\/\/api.w.org\/{rel}","templated":true}]}}